{"id":141,"date":"2026-03-11T21:49:33","date_gmt":"2026-03-11T20:49:33","guid":{"rendered":"https:\/\/el-conseils.fr\/?page_id=141"},"modified":"2026-03-25T11:48:00","modified_gmt":"2026-03-25T10:48:00","slug":"mentions-legales","status":"publish","type":"page","link":"https:\/\/el-conseils.fr\/?page_id=141","title":{"rendered":"Mentions l\u00e9gales"},"content":{"rendered":"\n<h1 class=\"wp-block-heading has-luminous-vivid-amber-color has-text-color has-link-color wp-elements-213024331c3f8597e68276bdbe5b54cc\">Mentions l\u00e9gales<\/h1>\n\n\n\n<h2 class=\"wp-block-heading has-white-color has-text-color has-link-color wp-elements-d6523ba5907c07c8a74a0a379a0f6709\">1. Pr\u00e9sentation du site<\/h2>\n\n\n\n<p class=\"has-white-color has-text-color has-link-color wp-elements-e98e0e4bf2a72309476c9c959b9866ea\">En vertu de l\u2019article 6 de la loi n\u00b0 2004-575 du 21 juin 2004 pour la confiance dans l\u2019\u00e9conomie num\u00e9rique, il est pr\u00e9cis\u00e9 aux utilisateurs du site optimea-conseils.fr l\u2019identit\u00e9 des diff\u00e9rents intervenants dans le cadre de sa r\u00e9alisation et de son suivi :<\/p>\n\n\n\n<p class=\"has-white-color has-text-color has-link-color wp-elements-72c4c39fa9cf13002def46d851c21f8f\">Propri\u00e9taire :<\/p>\n\n\n\n<p class=\"has-white-color has-text-color has-link-color wp-elements-5af9177ef24a62153817296ae71ec993\">Estrade Conseils<\/p>\n\n\n\n<p class=\"has-white-color has-text-color has-link-color wp-elements-68437632132367e642176984ba99a440\">Soci\u00e9t\u00e9 \u00e0 responsabilit\u00e9 limit\u00e9e (Soci\u00e9t\u00e9 \u00e0 associ\u00e9 unique)<\/p>\n\n\n\n<p class=\"has-white-color has-text-color has-link-color wp-elements-9688598e36191fc5848a294c63206e25\">18 Bis rue Georges Cl\u00e9menceau, 88110 Raon L\u2019Etape<\/p>\n\n\n\n<p class=\"has-white-color has-text-color has-link-color wp-elements-262d3bcd5d9e982bce2a7ba624b57a61\">Capital social : 7 000,00 \u20ac<\/p>\n\n\n\n<p class=\"has-white-color has-text-color has-link-color wp-elements-bbd89c63685a3a1be1248e1b1585646e\">SIRET : 999 791 510 00012 \u2013 RCS : 999 791 510<\/p>\n\n\n\n<p class=\"has-white-color has-text-color has-link-color wp-elements-813ee97f0e2ba954ac7bfef72b5e0b10\">T\u00e9l\u00e9phone : +33 6 87 86 78 00<\/p>\n\n\n\n<p class=\"has-white-color has-text-color has-link-color wp-elements-88d1e5859051eb9cbcb533e772bf5313\">Email : contact@el-conseils.fr<\/p>\n\n\n\n<p class=\"has-white-color has-text-color has-link-color wp-elements-59853b9bb07202726bc45ae676af2d42\">Responsable publication :<\/p>\n\n\n\n<p class=\"has-white-color has-text-color has-link-color wp-elements-a53366c6abc94745d3a044b6b7719b85\">Lilian Estrade, en qualit\u00e9 de g\u00e9rant de la soci\u00e9t\u00e9.<\/p>\n\n\n\n<p class=\"has-white-color has-text-color has-link-color wp-elements-7a3b0a4505271be55e90db6d01302fc6\">Cr\u00e9ateur et Webmaster :<\/p>\n\n\n\n<p class=\"has-white-color has-text-color has-link-color wp-elements-5af9177ef24a62153817296ae71ec993\">Estrade Conseils<\/p>\n\n\n\n<p class=\"has-white-color has-text-color has-link-color wp-elements-c18ec5f4ed417a252a48472637a89a24\">18 bis rue Georges Cl\u00e9menceau, 88110 Raon L\u2019Etape<\/p>\n\n\n\n<p class=\"has-white-color has-text-color has-link-color wp-elements-88d1e5859051eb9cbcb533e772bf5313\">Email : contact@el-conseils.fr<\/p>\n\n\n\n<p class=\"has-white-color has-text-color has-link-color wp-elements-5d2d0941fb154fc932a2d163b0fff0d2\">H\u00e9bergeur :<\/p>\n\n\n\n<p class=\"has-white-color has-text-color has-link-color wp-elements-d778b4d09a967e2cfd226cb59ac3f0e6\">OVH<\/p>\n\n\n\n<p class=\"has-white-color has-text-color has-link-color wp-elements-34926208f064275df4cabab7d6b210dc\">SAS au capital de 10 174 560 \u20ac<\/p>\n\n\n\n<p class=\"has-white-color has-text-color has-link-color wp-elements-301e0625a17f70d5420577e5a03daa01\">Si\u00e8ge social : 2 rue Kellermann, 59100 Roubaix \u2013 France<\/p>\n\n\n\n<p class=\"has-white-color has-text-color has-link-color wp-elements-ea49180b5bbebcf51fba512c30b22b24\">T\u00e9l\u00e9phone : 1007 (depuis la France)<\/p>\n\n\n\n<h2 class=\"wp-block-heading has-white-color has-text-color has-link-color wp-elements-d4b544591818b24f8c2264e59c1a54f4\">2. Conditions g\u00e9n\u00e9rales d\u2019utilisation du site et des services propos\u00e9s<\/h2>\n\n\n\n<p class=\"has-white-color has-text-color has-link-color wp-elements-ad68f31da2c7d8a8c1fbe46afb051ce1\">L\u2019utilisation du site optimea-conseils.fr implique l\u2019acceptation pleine et enti\u00e8re des conditions g\u00e9n\u00e9rales d\u2019utilisation ci-apr\u00e8s d\u00e9crites. Ces conditions sont susceptibles d\u2019\u00eatre modifi\u00e9es ou compl\u00e9t\u00e9es \u00e0 tout moment ; les utilisateurs sont donc invit\u00e9s \u00e0 les consulter r\u00e9guli\u00e8rement.<\/p>\n\n\n\n<p class=\"has-white-color has-text-color has-link-color wp-elements-0de4aadc0d9edbc89d54f8acd461fa62\">Le site est normalement accessible \u00e0 tout moment aux utilisateurs. Une interruption pour maintenance technique peut toutefois \u00eatre d\u00e9cid\u00e9e par Estrade Conseils, qui s\u2019efforcera alors de communiquer pr\u00e9alablement les dates et heures de l\u2019intervention.<\/p>\n\n\n\n<h2 class=\"wp-block-heading has-white-color has-text-color has-link-color wp-elements-ffcfdea42ce786eb1179087e0d7b2bb0\">3. Description des services fournis<\/h2>\n\n\n\n<p class=\"has-white-color has-text-color has-link-color wp-elements-88e23266142ab7c0e983fd5957505252\">Le site Estrade conseils.fr a pour objet de pr\u00e9senter les activit\u00e9s et services propos\u00e9s par Estrade Conseils.<\/p>\n\n\n\n<p class=\"has-white-color has-text-color has-link-color wp-elements-44f217a03e736e744b601ea82b077336\">Estrade Conseils s\u2019efforce de fournir des informations pr\u00e9cises et \u00e0 jour. Toutefois, il ne pourra \u00eatre tenu responsable des omissions, des inexactitudes ou des carences dans la mise \u00e0 jour, qu\u2019elles soient de son fait ou du fait de tiers partenaires.<\/p>\n\n\n\n<p class=\"has-white-color has-text-color has-link-color wp-elements-2a63ef0b4065cfa8b308620b20596051\">Le site comprend \u00e9galement un espace client s\u00e9curis\u00e9 permettant aux utilisateurs autoris\u00e9s de se connecter et d\u2019acc\u00e9der \u00e0 des documents ou informations personnelles relatives \u00e0 leur dossier. Cet espace est strictement r\u00e9serv\u00e9 aux clients d\u2019Estrade Conseils.<\/p>\n\n\n\n<p class=\"has-white-color has-text-color has-link-color wp-elements-7a753c36a20b9f2a3769c01994045932\">Toutes les informations du site sont donn\u00e9es \u00e0 titre indicatif et sont susceptibles d\u2019\u00e9voluer.<\/p>\n\n\n\n<h2 class=\"wp-block-heading has-white-color has-text-color has-link-color wp-elements-a40e9043daccc71e42eb7a212f0179ac\">4. Donn\u00e9es personnelles<\/h2>\n\n\n\n<p class=\"has-white-color has-text-color has-link-color wp-elements-223df7596b1589ca69e35787da0c08d8\">Le Client consommateur a le droit de s\u2019inscrire sur une liste d\u2019opposition au d\u00e9marchage t\u00e9l\u00e9phonique (BLOCTEL). Ce service est accessible \u00e0 l\u2019adresse : <a href=\"http:\/\/www.bloctel.gouv.fr\/\">www.bloctel.gouv.fr<\/a>.<\/p>\n\n\n\n<h2 class=\"wp-block-heading has-white-color has-text-color has-link-color wp-elements-8b5b07b5993eaa9d56f8cfecc8aff838\">5. Limitations contractuelles sur les donn\u00e9es techniques<\/h2>\n\n\n\n<p class=\"has-white-color has-text-color has-link-color wp-elements-46afe6c777c411b4df779f90e84602b2\">Le site utilise la technologie JavaScript.<\/p>\n\n\n\n<p class=\"has-white-color has-text-color has-link-color wp-elements-0587564a11ee6dee86262e17d2600701\">Estrade Conseils ne pourra \u00eatre tenu responsable de dommages mat\u00e9riels li\u00e9s \u00e0 l\u2019utilisation du site. L\u2019utilisateur s\u2019engage \u00e0 acc\u00e9der au site avec un mat\u00e9riel r\u00e9cent, ne contenant pas de virus et avec un navigateur mis \u00e0 jour.<\/p>\n\n\n\n<h2 class=\"wp-block-heading has-white-color has-text-color has-link-color wp-elements-6eaf77ee2a8a418bdd442ca0106b5966\">6. Propri\u00e9t\u00e9 intellectuelle et contrefa\u00e7ons<\/h2>\n\n\n\n<p class=\"has-white-color has-text-color has-link-color wp-elements-9741b6821f09ea0e48fe59bec5a9555d\">Estrade Conseils est propri\u00e9taire des droits de propri\u00e9t\u00e9 intellectuelle ou d\u00e9tient les droits d\u2019usage sur tous les \u00e9l\u00e9ments accessibles sur le site, notamment les textes, images, graphismes, logo, ic\u00f4nes.<\/p>\n\n\n\n<p class=\"has-white-color has-text-color has-link-color wp-elements-8347eb09fb701c27c6fa2a902590721f\">Toute reproduction, repr\u00e9sentation, modification, publication ou adaptation, totale ou partielle, de ces \u00e9l\u00e9ments est interdite sans l\u2019autorisation \u00e9crite pr\u00e9alable d\u2019Estrade Conseils.<\/p>\n\n\n\n<p class=\"has-white-color has-text-color has-link-color wp-elements-f2ddd0cb476627d48be9ed5fbfa1b11b\">Toute exploitation non autoris\u00e9e du site ou de son contenu sera consid\u00e9r\u00e9e comme constitutive d\u2019une contrefa\u00e7on et poursuivie conform\u00e9ment aux dispositions du Code de la Propri\u00e9t\u00e9 Intellectuelle.<\/p>\n\n\n\n<h2 class=\"wp-block-heading has-white-color has-text-color has-link-color wp-elements-bb64090a70b48ae11b1d8552019d9bff\">7. Limitations de responsabilit\u00e9<\/h2>\n\n\n\n<p class=\"has-white-color has-text-color has-link-color wp-elements-f8e82f08b28dfb9b5136eef58f0b4a76\">Estrade Conseils ne pourra \u00eatre tenu responsable des dommages directs ou indirects caus\u00e9s au mat\u00e9riel de l\u2019utilisateur lors de l\u2019acc\u00e8s au site, r\u00e9sultant de l\u2019utilisation d\u2019un mat\u00e9riel ne r\u00e9pondant pas aux sp\u00e9cifications du point 5, ou de l\u2019apparition d\u2019un bug ou d\u2019une incompatibilit\u00e9.<\/p>\n\n\n\n<p class=\"has-white-color has-text-color has-link-color wp-elements-fa9dca5b3f550cee905ea91b701f0067\">Des espaces interactifs (ex. formulaire de contact) sont \u00e0 la disposition des utilisateurs. Estrade Conseils se r\u00e9serve le droit de supprimer, sans mise en demeure pr\u00e9alable, tout contenu d\u00e9pos\u00e9 qui contreviendrait \u00e0 la l\u00e9gislation applicable en France, en particulier aux dispositions relatives \u00e0 la protection des donn\u00e9es.<\/p>\n\n\n\n<h2 class=\"wp-block-heading has-white-color has-text-color has-link-color wp-elements-e86aa9433705a7366ac4c70492e4f85c\">8. Gestion des donn\u00e9es personnelles<\/h2>\n\n\n\n<p class=\"has-white-color has-text-color has-link-color wp-elements-affa3e72de1ccf713766df7d4d39db7c\">En France, les donn\u00e9es personnelles sont notamment prot\u00e9g\u00e9es par :<\/p>\n\n\n\n<ul class=\"wp-block-list\">\n<li class=\"has-white-color has-text-color has-link-color wp-elements-7f5443c702902f18713cf5ee66baab91\">la loi n\u00b0 78-17 du 6 janvier 1978 relative \u00e0 l\u2019informatique, aux fichiers et aux libert\u00e9s,<\/li>\n\n\n\n<li class=\"has-white-color has-text-color has-link-color wp-elements-bf716859462811965d1aabcdfc697735\">le R\u00e8glement G\u00e9n\u00e9ral sur la Protection des Donn\u00e9es (RGPD) du 27 avril 2016.<\/li>\n<\/ul>\n\n\n\n<p class=\"has-white-color has-text-color has-link-color wp-elements-0cf1642f1ded04d1d63c581ff1f99954\">\u00c0 l\u2019occasion de l\u2019utilisation du site optimea-conseils.fr, peuvent \u00eatre recueillies : l\u2019URL des liens par l\u2019interm\u00e9diaire desquels l\u2019utilisateur a acc\u00e9d\u00e9 au site, l\u2019adresse IP, ou encore des donn\u00e9es fournies via les formulaires.<\/p>\n\n\n\n<p class=\"has-white-color has-text-color has-link-color wp-elements-2f764e4af5082fc200ed41ee0c7cd7e9\">L\u2019utilisateur fournit ces informations en toute connaissance de cause, notamment lorsqu\u2019il proc\u00e8de lui-m\u00eame \u00e0 leur saisie.<\/p>\n\n\n\n<p class=\"has-white-color has-text-color has-link-color wp-elements-1fe3e725d96fb50986cd76e3d85b4c38\">Conform\u00e9ment aux dispositions l\u00e9gales, tout utilisateur dispose d\u2019un droit d\u2019acc\u00e8s, de rectification, de suppression et d\u2019opposition aux donn\u00e9es personnelles le concernant, en effectuant sa demande \u00e9crite \u00e0 : contact@optimea-conseils.fr.<\/p>\n\n\n\n<p class=\"has-white-color has-text-color has-link-color wp-elements-85802730cdaec90932eeadec46e88247\">Aucune information personnelle de l\u2019utilisateur n\u2019est publi\u00e9e \u00e0 son insu, \u00e9chang\u00e9e, transf\u00e9r\u00e9e, c\u00e9d\u00e9e ou vendue \u00e0 des tiers.<\/p>\n\n\n\n<p class=\"has-white-color has-text-color has-link-color wp-elements-d2e2d6c64c3b0c2828359283153efa60\">Les bases de donn\u00e9es sont prot\u00e9g\u00e9es par la loi du 1er juillet 1998 relative \u00e0 la protection juridique des bases de donn\u00e9es.<\/p>\n\n\n\n<p class=\"has-white-color has-text-color has-link-color wp-elements-a6ef411aacbbbfac551193ba5b3e66ef\">Dans le cadre de l\u2019espace client, les informations collect\u00e9es (nom, pr\u00e9nom, adresse e-mail, documents d\u00e9pos\u00e9s, etc.) sont utilis\u00e9es exclusivement pour la gestion des comptes, la communication avec les clients et la mise \u00e0 disposition des documents relatifs aux prestations.<\/p>\n\n\n\n<p class=\"has-white-color has-text-color has-link-color wp-elements-4fb4ad0dc3efd039c13cdc9d02b00abb\">Ces donn\u00e9es sont conserv\u00e9es pendant la dur\u00e9e de la relation contractuelle et archiv\u00e9es selon les obligations l\u00e9gales en vigueur.<\/p>\n\n\n\n<p class=\"has-white-color has-text-color has-link-color wp-elements-ccdadb63b1accdd1da626208726dd216\">Les utilisateurs peuvent \u00e0 tout moment exercer leurs droits d\u2019acc\u00e8s, de rectification ou de suppression en adressant leur demande \u00e0 l\u2019adresse suivante : contact@optimea-conseils.fr.<\/p>\n\n\n\n<h2 class=\"wp-block-heading has-white-color has-text-color has-link-color wp-elements-1ed3f6dbd9f3b336d9505793af3c338c\">9. Liens hypertextes et cookies<\/h2>\n\n\n\n<p class=\"has-white-color has-text-color has-link-color wp-elements-a1a5db28b066a27989a645a1bf1c22c4\">Le site optimea-conseils.fr contient des liens hypertextes vers d\u2019autres sites. Estrade Conseils n\u2019assume aucune responsabilit\u00e9 quant au contenu de ces sites externes.<\/p>\n\n\n\n<p class=\"has-white-color has-text-color has-link-color wp-elements-5675c24d632dcb99fc10b8935cb4a580\">La navigation sur le site peut provoquer l\u2019installation de cookies sur l\u2019ordinateur de l\u2019utilisateur. Ces cookies permettent uniquement de faciliter la navigation et de r\u00e9aliser des mesures de fr\u00e9quentation.<\/p>\n\n\n\n<p class=\"has-white-color has-text-color has-link-color wp-elements-f27e65b5c6f151c5762b557eeb3e10ae\">L\u2019utilisateur peut refuser l\u2019installation des cookies en configurant son navigateur internet.<\/p>\n\n\n\n<h2 class=\"wp-block-heading has-white-color has-text-color has-link-color wp-elements-fce6397f09088da9779cd572d377d183\">10. Droit applicable et attribution de juridiction<\/h2>\n\n\n\n<p class=\"has-white-color has-text-color has-link-color wp-elements-cc3c13add08274fed91b7ba00ed76811\">Tout litige en relation avec l\u2019utilisation du site Estrade conseils.fr est soumis au droit fran\u00e7ais. Il est fait attribution exclusive de juridiction aux tribunaux comp\u00e9tents de Besan\u00e7on.<\/p>\n\n\n\n<h2 class=\"wp-block-heading has-white-color has-text-color has-link-color wp-elements-9c10a2fbf63775956f1ff5ee19ce9437\">11. Les principales lois concern\u00e9es<\/h2>\n\n\n\n<ul class=\"wp-block-list\">\n<li class=\"has-white-color has-text-color has-link-color wp-elements-42247db61733363b4b9f2f4b96c326dd\">Loi n\u00b0 78-17 du 6 janvier 1978 modifi\u00e9e, relative \u00e0 l\u2019informatique, aux fichiers et aux libert\u00e9s<\/li>\n\n\n\n<li class=\"has-white-color has-text-color has-link-color wp-elements-c3a74d2c7c79196817e03b9119696b52\">Loi n\u00b0 2004-575 du 21 juin 2004 pour la confiance dans l\u2019\u00e9conomie num\u00e9rique<\/li>\n\n\n\n<li class=\"has-white-color has-text-color has-link-color wp-elements-080c1550e3a98bead4b87998d6efc38d\">R\u00e8glement G\u00e9n\u00e9ral sur la Protection des Donn\u00e9es (RGPD) du 27 avril 2016<\/li>\n<\/ul>\n\n\n\n<h2 class=\"wp-block-heading has-white-color has-text-color has-link-color wp-elements-c972b93cbe850665ee6c0488d16d4204\">12. Lexique<\/h2>\n\n\n\n<p class=\"has-white-color has-text-color has-link-color wp-elements-6a276cc8f62e10c900b73d9527cbab62\">Utilisateur : Internaute se connectant et utilisant le site.<\/p>\n\n\n\n<p class=\"has-white-color has-text-color has-link-color wp-elements-d16a039081c81467db7520f7a1ba8a6b\">Informations personnelles : \u00ab les informations qui permettent, sous quelque forme que ce soit, directement ou non, l\u2019identification des personnes physiques auxquelles elles s\u2019appliquent \u00bb (article 4 de la loi n\u00b0 78-17 du 6 janvier 1978).<\/p>\n\n\n\n<p><\/p>\n","protected":false},"excerpt":{"rendered":"<p>Mentions l\u00e9gales 1. Pr\u00e9sentation du site En vertu de l\u2019article 6 de la loi n\u00b0 2004-575 du 21 juin 2004 [&hellip;]<\/p>\n","protected":false},"author":1,"featured_media":0,"parent":0,"menu_order":0,"comment_status":"closed","ping_status":"closed","template":"","meta":{"site-sidebar-layout":"default","site-content-layout":"","ast-site-content-layout":"default","site-content-style":"default","site-sidebar-style":"default","ast-global-header-display":"","ast-banner-title-visibility":"","ast-main-header-display":"","ast-hfb-above-header-display":"","ast-hfb-below-header-display":"","ast-hfb-mobile-header-display":"","site-post-title":"","ast-breadcrumbs-content":"","ast-featured-img":"","footer-sml-layout":"","ast-disable-related-posts":"","theme-transparent-header-meta":"","adv-header-id-meta":"","stick-header-meta":"","header-above-stick-meta":"","header-main-stick-meta":"","header-below-stick-meta":"","astra-migrate-meta-layouts":"default","ast-page-background-enabled":"default","ast-page-background-meta":{"desktop":{"background-color":"var(--ast-global-color-5)","background-image":"","background-repeat":"repeat","background-position":"center center","background-size":"auto","background-attachment":"scroll","background-type":"","background-media":"","overlay-type":"","overlay-color":"","overlay-opacity":"","overlay-gradient":""},"tablet":{"background-color":"","background-image":"","background-repeat":"repeat","background-position":"center center","background-size":"auto","background-attachment":"scroll","background-type":"","background-media":"","overlay-type":"","overlay-color":"","overlay-opacity":"","overlay-gradient":""},"mobile":{"background-color":"","background-image":"","background-repeat":"repeat","background-position":"center center","background-size":"auto","background-attachment":"scroll","background-type":"","background-media":"","overlay-type":"","overlay-color":"","overlay-opacity":"","overlay-gradient":""}},"ast-content-background-meta":{"desktop":{"background-color":"var(--ast-global-color-4)","background-image":"","background-repeat":"repeat","background-position":"center center","background-size":"auto","background-attachment":"scroll","background-type":"","background-media":"","overlay-type":"","overlay-color":"","overlay-opacity":"","overlay-gradient":""},"tablet":{"background-color":"var(--ast-global-color-4)","background-image":"","background-repeat":"repeat","background-position":"center center","background-size":"auto","background-attachment":"scroll","background-type":"","background-media":"","overlay-type":"","overlay-color":"","overlay-opacity":"","overlay-gradient":""},"mobile":{"background-color":"var(--ast-global-color-4)","background-image":"","background-repeat":"repeat","background-position":"center center","background-size":"auto","background-attachment":"scroll","background-type":"","background-media":"","overlay-type":"","overlay-color":"","overlay-opacity":"","overlay-gradient":""}},"footnotes":""},"class_list":["post-141","page","type-page","status-publish","hentry"],"_links":{"self":[{"href":"https:\/\/el-conseils.fr\/index.php?rest_route=\/wp\/v2\/pages\/141","targetHints":{"allow":["GET"]}}],"collection":[{"href":"https:\/\/el-conseils.fr\/index.php?rest_route=\/wp\/v2\/pages"}],"about":[{"href":"https:\/\/el-conseils.fr\/index.php?rest_route=\/wp\/v2\/types\/page"}],"author":[{"embeddable":true,"href":"https:\/\/el-conseils.fr\/index.php?rest_route=\/wp\/v2\/users\/1"}],"replies":[{"embeddable":true,"href":"https:\/\/el-conseils.fr\/index.php?rest_route=%2Fwp%2Fv2%2Fcomments&post=141"}],"version-history":[{"count":2,"href":"https:\/\/el-conseils.fr\/index.php?rest_route=\/wp\/v2\/pages\/141\/revisions"}],"predecessor-version":[{"id":230,"href":"https:\/\/el-conseils.fr\/index.php?rest_route=\/wp\/v2\/pages\/141\/revisions\/230"}],"wp:attachment":[{"href":"https:\/\/el-conseils.fr\/index.php?rest_route=%2Fwp%2Fv2%2Fmedia&parent=141"}],"curies":[{"name":"wp","href":"https:\/\/api.w.org\/{rel}","templated":true}]}}